ens digit of r?
2
Let d(g) = -35*g**2 + 1. Let z be d(1). Let b be z/(-9) + 2/9. What is the units digit of 1 + 0 + b/2?
3
Suppose -20 = -0*z + 4*z, -3*q - 5*z = 160. Let m = -25 - q. What is the units digit of m?
0
Let i = -15 - -34. Suppose -7*b + 2*b = 2*g - 3, i = b + 5*g. What is the units digit of ((-8)/20)/(b/10)?
4
Let t be 2/9 + 318/27. Let j = 29 - t. What is the units digit of j?
7
Suppose -w + 44 - 18 = 0. What is the units digit of w?
6
Let u(k) = 11*k + 4*k**3 - 3*k**3 + 5*k**2 - 2*k + 6*k**2. What is the tens digit of u(-10)?
1
Let t(j) = j**2 - 2*j - 1. Let w be t(-1). Suppose 4*b - 64 = w*d, -2*b - 3*b + d = -77. Suppose 0 = 2*k - 7*k - b, 3*r + 2*k = 0. What is the units digit of r?
2
Suppose 0*k = -2*k + 84. What is the tens digit of k?
4
Suppose 3*b - 3*j + 0*j = 30, 0 = 3*j. What is the units digit of b?
0
Suppose 84 = k - 27. What is the tens digit of k?
1
Let w(c) be the second derivative of -c**5/20 + 5*c**4/12 - c**3/6 + 3*c**2/2 - c. What is the units digit of w(4)?
5
Let m(x) = 3*x - 8. Let u(f) = 8*f - 23. Let t(j) = 17*m(j) - 6*u(j). Let o be t(-4). What is the units digit of (-24)/o*(-20)/(-6)?
8
Let z be (-3)/(-2)*-2*1. Let g(s) = -2*s + 15. Let w be g(8). What is the units digit of w + (-2)/(2/z)?
2
Let m(c) = 0*c + c + 6 + 6*c**2 - 3*c**2 - 7. What is the units digit of m(1)?
3
Suppose 0 = -5*p + 1 + 9. Suppose 2*w + 76 = -3*k, p*w - 28 = 5*k - 4*k. What is the units digit of ((-3)/6 + 0)*k?
3
Let h be 140/(-18) - 14/63. Let l = -5 - h. What is the units digit of l?
3
Let h = 233 + -61. Suppose 0 = 2*o + 2*o - h. What is the tens digit of o?
4
Let z = -4 - -25. What is the tens digit of z?
2
Suppose 7*z - 4*z - 297 = 0. What is the tens digit of z?
9
Let f(z) = -z**3 - 2*z**2 + 2*z + 64. What is the units digit of f(0)?
4
Suppose -5*f - 2*z = -423, -f = -4*f - 4*z + 251. Suppose 2*p - f = -3*p. Suppose -p = -c - 4*y, 0*y - 2*y = -8. What is the units digit of c?
1
Let d be 0 - 9*(1 - 2). Let z = 13 - d. Suppose 4*k - z - 76 = 0. What is the units digit of k?
0
Let q be (42/(-9))/(4/(-6)). What is the tens digit of q + -3 + 33 + 1?
3
Suppose 177 = -3*b + 4*b - 2*q, b + q - 186 = 0. What is the hundreds digit of b?
1
Let g(h) be the first derivative of 7*h**5/20 + h**4/6 - h**3/3 + h**2/2 + h + 1. Let k(y) be the first derivative of g(y). What is the units digit of k(1)?
8
Suppose -4*c + 5*c - 10 = 0. What is the tens digit of c?
1
Let v(o) = 4*o - 3*o + 0*o + 0*o**2 - o**2 + 9. What is the units digit of v(0)?
9
Let k be (-1)/2 - 142/(-4). Suppose t - 6*t = -k. What is the units digit of t?
7
What is the tens digit of 743/5 + (-8)/(-20) + -4?
4
Suppose 12 = -3*r - 0*r. What is the units digit of (r/6)/(4/(-114))?
9
Let t be 3*-4 + -2 + 1. Let c = 19 + t. What is the units digit of c?
6
Let f(g) = -g**3 - 10*g**2 + 13*g - 28. What is the units digit of f(-12)?
4
Suppose -5*o + 2 = 3*x - 0, 5*o = 20. Suppose 2*k + 3 = -1. What is the units digit of 9 - 3/x*k?
8
Suppose 2*y + 60 = 6*y. What is the units digit of y?
5
Suppose -705 - 1385 = -19*b. What is the units digit of b?
0
Suppose u - 5*u = 20. Let t = u - -6. What is the tens digit of (-42*t)/(-3) - 2?
1
Let i(x) be the third derivative of x**4/24 - 5*x**3/3 - 2*x**2. Let p be i(8). What is the units digit of p/1 + 4 + -1?
1
Let g(q) = 5*q**2 + 24*q + 12. What is the units digit of g(-11)?
3
Suppose -5*p + 9 = 34. Let q = p + 9. Suppose -2*o + 2 = -q. What is the units digit of o?
3
Let g = -118 + 253. What is the hundreds digit of g?
1
Suppose g - 4 + 16 = 0. Let l = 45 + g. What is the tens digit of l?
3
Suppose -2*a + 8 = 0, 2*a - 7*a + 34 = -2*n. Suppose -5*r + 3*m - 20 = 0, 10 + 8 = -4*r + 2*m. What is the units digit of 2/r - 72/n?
0
Let f = -171 + 209. What is the tens digit of f?
3
Let v(a) = a**2 - 4*a + 8. What is the units digit of v(6)?
0
Let t(y) = -y**3 - y**2 + 26. Suppose -2*h - 2*h = 0. What is the tens digit of t(h)?
2
Let z(l) be the second derivative of 5*l**4/12 + 3*l. Suppose 3*r + x - 1 = 2, -5*r + 5 = 2*x. What is the units digit of z(r)?
5
Let d = -11 + 46. What is the tens digit of d?
3
Suppose 3*f - 2*l - 40 = -l, 3*f + 5*l - 52 = 0. Suppose 2*i + i - 9 = 0. Suppose 2 = h + 2*o, 5*o - f = -h - i*h. What is the units digit of h?
6
Let i(f) = -f + 3. What is the units digit of i(-5)?
8
Let i(g) = -g**3 + 8*g**2 - 8*g + 6. Suppose 14 + 6 = 4*u. What is the units digit of i(u)?
1
Let g(f) = -5*f + 5. Let a be g(-10). Let l = 35 - a. What is the units digit of (-176)/l - (-2)/10?
9
Let k(q) = q**2 + q + 13. What is the units digit of k(8)?
5
Let a(w) = -w**2 - w + 6. Suppose -4 + 24 = 4*d. Let i(u) = u - 5. Let r be i(d). What is the units digit of a(r)?
6
Let s = 87 - 32. What is the units digit of s?
5
Suppose 3*j = -0*j + 3. Let y(k) = -k - 1. Let f(v) = 2*v + 1. Let l(q) = 4*f(q) + 3*y(q). What is the units digit of l(j)?
6
Let a(b) = -4*b - 14. What is the units digit of a(-9)?
2
What is the units digit of ((-27)/12)/((-1)/28)?
3
Suppose -9*j - 3619 = -20*j. What is the hundreds digit of j?
3
Suppose 13 = 3*h + 5*p, 5*h - 3*p + p = 1. What is the tens digit of 13 + 1 + (h - 0)?
1
Let o(b) = 3*b. Let m be o(-3). Let s = 21 + m. What is the tens digit of s?
1
Suppose 3*o - 2*k = 28, -o + 3*k + 2 = -19. Let f be (2/o)/(3/45). Suppose -f*b - 4*x - 6 = 0, -7 = 2*b + 2*x - 3. What is the units digit of b?
2
Let r = -8 - -6. Let h be r + 12/3 + -1. Let g(l) = 10*l + 1. What is the tens digit of g(h)?
1
Let q(a) = -3*a + 2*a + 3 + 7. Let y = -7 + 12. What is the units digit of q(y)?
5
Suppose -4*o - 40 = o. Let i(z) = z + 17. What is the units digit of i(o)?
9
Suppose 4*c + c + 25 = 0. Let f(q) = -q**3 - q**2 + 1. Let b(n) = 4*n**3 + 8*n**2 + 4. Let x(y) = b(y) + 3*f(y). What is the units digit of x(c)?
7
Suppose -4*s + 6*s + 3*t - 75 = 0, -2*s + 70 = 4*t. What is the units digit of s?
5
Let o = 27 - -18. What is the tens digit of o?
4
Let x be 1/3*(1 + 5). Suppose 0 = -3*g + x*g - 3*c + 8, -5 = -2*g + 5*c. Suppose 0*o - 5*o + g = 0. What is the units digit of o?
1
Suppose 3*m - 48 = 4*a, 0 = -2*a + 5*m + 7 - 31. Let g(s) = -s**2 - 15*s + 11. What is the units digit of g(a)?
7
Suppose -5*d - 2*v = -4*d - 297, 2*v = 0. What is the units digit of d?
7
Let b(c) = 4*c. Let j be b(1). Let p(m) = 6*m**2 + m - 2. Let f be p(1). Let g = f - j. What is the units digit of g?
1
What is the units digit of 16/72 - 439/(-9)?
9
Suppose -5 + 58 = d. What is the tens digit of d?
5
Suppose 2 = 3*b - 4. What is the units digit of (-1 + b)*1 + 1?
2
Suppose 128 = -44*f + 48*f. What is the units digit of f?
2
Let m(x) = -x + 6. Let u be m(9). What is the tens digit of u/(-3)*(32 - 1)?
3
Suppose 0 = -3*v + 47 + 13. Let i = v + 18. What is the tens digit of i?
3
Suppose -2*q - 9 = -3*m, -5 = -4*q - 4*m + 7. Suppose -5*r = -q*r - 20. What is the units digit of r?
4
Let r = 6 + -12. Let d(x) = -x - x + 1 - 6. What is the units digit of d(r)?
7
Suppose -4*g + 5*j = -25 - 10, -4*j = -4. Suppose g = 5*u + 50. Let m = 13 + u. What is the units digit of m?
5
What is the units digit of -3*188/(-12) - -2?
9
Let p(d) = -d**3 - d**2 - d + 4. Let g be p(0). Suppose -5*w + w - 4*k = -20, -4*w + g*k = -4. Suppose -3*y + w + 21 = 0. What is the units digit of y?
8
What is the units digit of -4 + (-2 - -1)*-63?
9
Let s(o) = 12*o**3 - o**2 - 2*o. Let d be s(2). What is the tens digit of d/(-6)*24/(-16)?
2
Let x(v) = -3 + v + 2 - 4*v - 2*v. What is the units digit of x(-2)?
9
Suppose 12 - 97 = -5*m. Suppose 6 = b - 6. Suppose -5*i = -0*i - 3*u - m, -b = -4*i + 4*u. What is the units digit of i?
4
Let a be 0 + 3 + -1*1. Let b be (-3)/(-12)*a*0. Suppose 4*j = 16 - b. What is the units digit of j?
4
Let f = -6 + 6. Suppose f = -5*k - 0*k. Suppose k = -5*i + 34 + 16. What is the tens digit of i?
1
Let u(g) = -2 - 3 - 10*g**2 - 6*g + 12*g**2 - 2. What is the tens digit of u(5)?
1
Let q(n) = n**2 - 3*n - 11. What is the units digit of q(7)?
7
Let w(n) = -n**2 - 14*n - 14. What is the units digit of w(-12)?
0
Let x = 19 + -19. Suppose x = -3*s - 26 + 155. What is the units digit of s?
3
Let w(p) = 4*p + 2. Let q be w(-6). Let r(k) = -k**3 - 15*k**2 + 13*k - 12. Let a be r(-16). Let z = q + a. What is the tens digit of z?
1
Let x(j) = 2*j + 1 - 2*j + 2*j + 12*j. Let f be x(1). What is 